uppose o - 25 = 23. What is the remainder when o is divided by a?
14
Let l be (44/10)/(117/(-60) - -2). Let w = l - 70. Calculate the remainder when w is divided by 5.
3
Let y = -170 - -245. What is the remainder when 224 is divided by y?
74
Let b(k) = -2*k - 1. Let f be b(-3). Suppose -6*v + 245 = -331. Suppose -f*a + v = 36. Calculate the remainder when a is divided by 4.
0
Suppose 3*b - 42 = -u, 3*u = 5*u + b - 94. What is the remainder when u is divided by 17?
14
Suppose 43*b - 1364 = 32*b. What is the remainder when b is divided by 26?
20
Suppose -19*z + 39 + 10 - 11 = 0. Calculate the remainder when 1/(-1)*5/(-1) is divided by z.
1
Let m be -1 - -76 - 0 - (0 + -3). Suppose -324 + m = -3*v. What is the remainder when v is divided by 14?
12
Suppose -3*t + 31 = -74. Let a(z) = -119*z + 54. What is the remainder when a(-1) is divided by t?
33
Suppose -6*d = -4*d - 4*k - 4, -d + 5*k = 7. Let n(v) = 3 + 8*v - v**2 - 5*v - d + 8*v. What is the remainder when n(9) is divided by 7?
6
Let p = 96 - 85. Suppose p*r = 8*r + 45. What is the remainder when r is divided by 9?
6
Suppose 3*n - 5 = 4*n. What is the remainder when (-31)/((n/(-5))/(-1)) is divided by 16?
15
What is the remainder when 161 is divided by 3 + (-208)/(-14) - (-3)/21?
17
Let j(o) = o**3 + 6*o**2 - o + 3. Calculate the remainder when 94 is divided by j(-3).
28
Let k(s) = s. Let f be k(0). Suppose -5*o + 10 = f, 3*q = 2*o - o + 22. Calculate the remainder when 23 is divided by q.
7
Calculate the remainder when -92*((-12)/64)/(2/8) is divided by 67.
2
Let g(o) be the third derivative of o**6/120 + 7*o**5/60 - o**4/12 - 3*o**3/2 + 12*o**2 - 3. Calculate the remainder when g(-7) is divided by 4.
1
Suppose 49 = 7*v - 14. Suppose 5*p = -2*d - d - v, 2*d + p - 1 = 0. Calculate the remainder when 7 is divided by d.
1
Let o = -18 + 50. Let g be (1 + 0)*(-2 + -4)/6. Let s(n) = 125*n**2 - 2*n - 2. Calculate the remainder when s(g) is divided by o.
29
Suppose -2*m = 4*w - 38, -4*m - 6 - 35 = -5*w. Calculate the remainder when 116 is divided by w.
8
Suppose 0 = -x + 2*o - 1, 0*x - x - 5*o + 20 = 0. Let h be (-42)/(-10) + x/(-25). Calculate the remainder when 39 is divided by 1/h + (-86)/(-8).
6
Suppose 3 = -b, 5*l + 0 = -4*b - 2. Suppose x = 4*j + 10, 6 = -x - 5*j - l. Suppose x = -h + 3*h. Calculate the remainder when 2 is divided by h.
0
Let a = -281 - -313. Calculate the remainder when 191 is divided by a.
31
Let a(i) = 2*i**2 - 4*i - 10. Suppose -6*r + 4*r = -26. Suppose 0*k = -k + r. Calculate the remainder when a(-4) is divided by k.
12
Let r(u) = 6*u**3 + 3*u**2 - 11*u + 56. Calculate the remainder when r(4) is divided by 89.
88
Let b = 1509 - 1507. Calculate the remainder when 32 is divided by b.
0
Suppose -46*j + 540 = -26*j. Calculate the remainder when 73 is divided by j.
19
Let j be 40/(-6)*(12 + 42/7). Let x = 123 + j. Calculate the remainder when x is divided by 2.
1
Suppose -87 - 33 = 4*r. Let u = 44 + r. Calculate the remainder when -1 + (-5)/((-20)/108) is divided by u.
12
Suppose -27*v - 48 = -28*v. What is the remainder when 91 is divided by v?
43
Suppose 0 = -0*s + 3*s - 99. Let v be 11/s + (-1)/3. Suppose v = 5*q + 63 - 283. What is the remainder when q is divided by 15?
14
Let r = 129 - 83. Suppose u - 4*v - 32 = -u, -v = u - 28. Calculate the remainder when r is divided by u.
22
Let u(d) = d**3 + 6*d**2 - 6*d + 22. Let t(m) = -m**3 + 5*m**2 - 7. Let f be t(5). Calculate the remainder when u(f) is divided by 4.
3
Let q(s) = -s**3 - 9*s**2 - 10*s - 11. Let t be q(-8). Suppose -25 = t*k - 5. What is the remainder when 15 is divided by -7*(k + (-72)/(-21))?
3
Let k(o) be the second derivative of -o**5/20 + 3*o**4/4 - 4*o**3/3 + 2*o**2 + 6*o. Calculate the remainder when 10 is divided by k(8).
2
Calculate the remainder when 3/(-6)*-82 + 3 is divided by (-2 + 18)*(11 + -10).
12
Let q = 1 + 2. Suppose 3 = q*m - 12. Suppose -5*k + 7 = -3*p - m, -4*k + 13 = p. What is the remainder when k is divided by 3?
0
Suppose -2*d + 2*k + 16 = 0, 3*k - 31 = -2*d + 2*k. Let w = -13 - -57. Let v = -6 + w. Calculate the remainder when v is divided by d.
12
What is the remainder when 4*((-25)/(-4) - (-45)/(-15)) is divided by 2?
1
Suppose 49*r = 39*r + 60. Let q(j) = 2*j**2 + 4*j + 1. Let h be q(4). Let g = 84 - h. Calculate the remainder when g is divided by r.
5
Let v(n) = 38*n + 221. Calculate the remainder when 82 is divided by v(-5).
20
Let i(k) = -4*k**3 - 4*k**2 - 12*k + 2. What is the remainder when i(-2) is divided by 29?
13
Let l be -5*(-5)/50*2. Suppose 0*m = 3*d + 5*m - l, 34 = 2*d - 5*m. Suppose j + 0 = d. Calculate the remainder when 41 is divided by j.
6
Let b be (-1 - (83 - -3)) + -3. Let j = b - -148. Let h = j - 37. What is the remainder when 83 is divided by h?
20
Suppose 0 = 16*k + 93 - 701. Let w(i) = i + 10. Calculate the remainder when k is divided by w(0).
8
Let z(r) = 93*r**2 - 5*r. What is the remainder when z(1) is divided by (-2)/((-40)/25) - 175/(-4)?
43
Suppose -3*o + 4*p = -12, -50*o + 54*o + 5*p - 16 = 0. Calculate the remainder when 105 is divided by o.
1
Let a = 32 + -30. Suppose a*l + 2 = 0, 2*s + l - 104 = -3*s. Calculate the remainder when s is divided by 12.
9
Suppose -1800 = -105*r + 101*r. Suppose -d = 8*d - r. Let h(q) = -q**3 + 5*q**2 + 3*q + 2. Calculate the remainder when d is divided by h(5).
16
Let f(b) = -b**3 + 17*b**2 - 15*b + 26. What is the remainder when f(16) is divided by 5?
2
Calculate the remainder when 18/(-2) - 1*-236 is divided by 39.
32
Let w = -477 + 530. Calculate the remainder when 73 is divided by w.
20
Let z be 6*(-1)/(-15) - (-46)/10. What is the remainder when -5 - z/(25/(-540)) is divided by 26?
25
Suppose -2*w = -3*w + 4. Let k = w + 10. Calculate the remainder when (0 + -4 + 8)*(-165)/(-12) is divided by k.
13
Let l = 181 - 167. Calculate the remainder when 110 is divided by l.
12
Suppose -2*d + 786 - 76 = 0. Calculate the remainder when d is divided by 51.
49
Suppose 0 = -14*c + 9*c + 1135. Calculate the remainder when c is divided by 21.
17
Let l(b) = 27*b**3 + b**2 + 8*b - 19. Calculate the remainder when l(2) is divided by 11.
8
Suppose -10*o + 7*o + 113 = -4*j, -118 = -3*o + 5*j. Calculate the remainder when 59 is divided by o.
28
Suppose 8*h - 50 = 222. Calculate the remainder when 166 is divided by h.
30
Let y(s) = -s**3 - 7*s**2 + 2*s - 10. Suppose 2*t + w = -w - 2, 3*t = 2*w - 8. Let o be t*(3 + (-3)/(-3)). What is the remainder when y(o) is divided by 10?
8
Suppose -g = 2*x - 11, -5*x - 3*g + 0*g + 28 = 0. Suppose -6*m + 67 = -x*m. Calculate the remainder when m is divided by 23.
21
Let t = -2333 + 2371. Suppose o + 0 - 10 = 0. What is the remainder when t is divided by o?
8
Suppose 0*z - 2*s + 29 = z, -3*z + 4*s + 37 = 0. What is the remainder when 62 is divided by z?
5
Let l = -60 - -65. Suppose 5*s - 15 = 2*s. Calculate the remainder when (0 + l/(-15))*-57 is divided by s.
4
Let h(r) = r - 12. Let g be h(12). Suppose -5*v + g*v - 4*l + 31 = 0, 0 = -v + 5*l - 17. Suppose -35 = 2*t - v*t. What is the remainder when t is divided by 18?
17
Suppose -2*w - 43 = -5*t, 1 = w + 2*t - 0. Let n = 1 + w. Let i(r) = r**2 + 7*r. Calculate the remainder when 31 is divided by i(n).
7
Let r(l) = 3*l + 23. Let u be r(-9). Let i(y) = -25*y - 12. What is the remainder when i(u) is divided by 10?
8
Let t = -468 + 595. What is the remainder when 883 is divided by t?
121
Suppose -5*y = -4*t - 61, 3*y - 5*t - 11 = 4*y. Suppose x - 14 = y. What is the remainder when 135 is divided by x?
20
Suppose -20 = -24*g + 19*g - z, -2*g = -2*z - 20. Calculate the remainder when 57 is divided by g.
2
Let i = 19 - 12. Suppose i*n = 11*n - 336. Suppose -k = 14 - n. What is the remainder when k is divided by 24?
22
Suppose 1429 = 4*r - 455. Calculate the remainder when r is divided by 43.
41
Let h(s) = -4*s**3 - 2*s**2 - 2*s - 1. Let r(x) = -x**2 + 31*x + 72. What is the remainder when r(33) is divided by h(-1)?
0
Let s = 323 - 294. Calculate the remainder when s is divided by 8.
5
Suppose 78*l - 76*l - 48 = 0. Calculate the remainder when 46 is divided by l.
22
Suppose -10*x + 484 = -56. Calculate the remainder when 213 is divided by x.
51
Calculate the remainder when 127*((-138)/12 + 13)/(3/2) is divided by 3/((-3)/2) - -15.
10
Let f = -293 + 332